n 928 is divided by 291.
55
What is the remainder when 74987 is divided by 19?
13
What is the remainder when 16646 is divided by 4132?
118
Calculate the remainder when 393645 is divided by 32.
13
What is the remainder when 1543357 is divided by 91?
88
Calculate the remainder when 5954 is divided by 976.
98
What is the remainder when 5081 is divided by 5039?
42
What is the remainder when 130894 is divided by 161?
1
Calculate the remainder when 11622 is divided by 680.
62
Calculate the remainder when 264736 is divided by 112.
80
What is the remainder when 55767 is divided by 286?
283
Calculate the remainder when 89120 is divided by 1595.
1395
Calculate the remainder when 715 is divided by 102.
1
Calculate the remainder when 3831 is divided by 118.
55
What is the remainder when 30455 is divided by 71?
67
Calculate the remainder when 266886 is divided by 183.
72
Calculate the remainder when 19105 is divided by 97.
93
Calculate the remainder when 48003 is divided by 9471.
648
What is the remainder when 104645 is divided by 2093?
2088
What is the remainder when 402 is divided by 171?
60
Calculate the remainder when 478 is divided by 95.
3
Calculate the remainder when 29029 is divided by 9673.
10
Calculate the remainder when 760 is divided by 194.
178
What is the remainder when 527039 is divided by 49?
44
Calculate the remainder when 160444 is divided by 429.
427
Calculate the remainder when 4244 is divided by 102.
62
What is the remainder when 61476 is divided by 20488?
12
What is the remainder when 106301 is divided by 4?
1
Calculate the remainder when 102608 is divided by 968.
0
What is the remainder when 108811 is divided by 23?
21
Calculate the remainder when 3639 is divided by 14.
13
Calculate the remainder when 68170 is divided by 114.
112
Calculate the remainder when 6770 is divided by 1185.
845
Calculate the remainder when 272 is divided by 70.
62
Calculate the remainder when 1474929 is divided by 57.
54
Calculate the remainder when 859045 is divided by 984.
13
What is the remainder when 18467 is divided by 9222?
23
What is the remainder when 117140 is divided by 227?
8
What is the remainder when 8050 is divided by 574?
14
Calculate the remainder when 14049 is divided by 521.
503
What is the remainder when 1324 is divided by 1095?
229
What is the remainder when 27049 is divided by 13498?
53
What is the remainder when 2339 is divided by 344?
275
What is the remainder when 34043 is divided by 11342?
17
Calculate the remainder when 34457 is divided by 29.
5
Calculate the remainder when 1865 is divided by 1825.
40
What is the remainder when 348379 is divided by 253?
251
Calculate the remainder when 3027 is divided by 217.
206
Calculate the remainder when 47727 is divided by 5963.
23
What is the remainder when 304191 is divided by 43453?
20
Calculate the remainder when 474 is divided by 198.
78
Calculate the remainder when 1656 is divided by 155.
106
Calculate the remainder when 1294 is divided by 86.
4
What is the remainder when 334356 is divided by 19?
13
What is the remainder when 6722 is divided by 120?
2
Calculate the remainder when 215278 is divided by 15.
13
What is the remainder when 25668 is divided by 5025?
543
Calculate the remainder when 4304 is divided by 261.
128
Calculate the remainder when 19564 is divided by 135.
124
Calculate the remainder when 117154 is divided by 39.
37
What is the remainder when 16001 is divided by 53?
48
What is the remainder when 17517 is divided by 33?
27
What is the remainder when 1127 is divided by 162?
155
Calculate the remainder when 26193 is divided by 236.
233
Calculate the remainder when 84838 is divided by 202.
200
Calculate the remainder when 8342 is divided by 81.
80
Calculate the remainder when 12092 is divided by 170.
22
Calculate the remainder when 2845 is divided by 1283.
279
Calculate the remainder when 3815277 is divided by 144.
141
Calculate the remainder when 2878 is divided by 1348.
182
Calculate the remainder when 471 is divided by 27.
12
Calculate the remainder when 79807 is divided by 344.
343
What is the remainder when 170665 is divided by 6095?
5
Calculate the remainder when 1570224 is divided by 4.
0
What is the remainder when 5095 is divided by 632?
39
Calculate the remainder when 43012 is divided by 10653.
400
What is the remainder when 119564 is divided by 414?
332
Calculate the remainder when 4932 is divided by 239.
152
What is the remainder when 4766 is divided by 637?
307
Calculate the remainder when 8179 is divided by 58.
1
What is the remainder when 21356 is divided by 1016?
20
Calculate the remainder when 295970 is divided by 609.
605
Calculate the remainder when 41245 is divided by 8.
5
What is the remainder when 1707 is divided by 86?
73
What is the remainder when 4889 is divided by 130?
79
Calculate the remainder when 550334 is divided by 32.
30
What is the remainder when 20545 is divided by 786?
109
What is the remainder when 2749229 is divided by 20?
9
Calculate the remainder when 1822 is divided by 1727.
95
What is the remainder when 82849 is divided by 27597?
58
What is the remainder when 119351 is divided by 12?
11
What is the remainder when 5085 is divided by 7?
3
What is the remainder when 1911 is divided by 69?
48
Calculate the remainder when 977970 is divided by 195594.
0
What is the remainder when 9388 is divided by 11?
5
What is the remainder when 9789 is divided by 85?
14
Calculate the remainder when 424774 is divided by 20.
14
What is the remainder when 3767857 is divided by 1726?
1725
Calculate the remainder when 3818 is divided by 3798.
20
What is the remainder when 142714 is divided by 42?
40
Calculate the remainder when 14664 is divided by 51.
27
Calculate the remainder when 35607 is divided by 3951.
48
What is the remainder when 4388 is divided by 84?
20
What is the remainder when 15662 is divided by 7?
3
Calculate the remainder when 323 is divided by 9.
8
What is the remainder when 11674 is divided by 1483?
1293
What is the remainder when 3120 is divided by 119?
26
What is the remainder when 395473 is divided by 127?
122
What is the remainder when 5982 is divided by 7?
4
What is the remainder when 8315 is divided by 826?
55
What is the remainder when 10835 is divided by 1203?
8
What is the remainder when 1981 is divided by 498?
487
What is the remainder when 1602 is divided by 37?
11
What is the remainder when 1039 is divided by 326?
61
Calculate the remainder when 7016 is divided by 59.
54
What is the remainder when 123568 is divided by 127?
124
Calculate the remainder when 25395 is divided by 18.
15
Calculate the remainder when 39953 is divided by 169.
69
Calculate the remainder when 247079 is divided by 7721.
7
Calculate the remainder when 48719 is divided by 447.
443
What is the remainder when 1379 is divided by 72?
11
Calculate the remainder when 1953 is divided by 461.
109
Calculate the remainder when 2973 is divided by 1444.
85
What is the remainder when 4162 is divided by 1387?
1
Calculate the remainder when 372108 is divided by 2736.
12
Calculate the remainder when 2199 is divided by 2119.
80
What is the remainder when 9179 is divided by 7369?
1810
What is the remainder when 35121 is divided by 12?
9
What is the remainder when 43435 is divided by 10842?
67
Calculate the remainder when 20736 is divided by 185.
16
What is the remainder when 565919 is divided by 321?
317
What is the remainder when 55427 is divided by 13855?
7
What is the remainder when 1159 is divided by 168?
151
Calculate the remainder when 154407 is divided by 400.
7
What is the remainder when 17458 is divided by 123?
115
What is the remainder when 188959 is divided by 52?
43
Calculate the remainder when 1377083 is divided by 17.
15
Calculate the remainder when 10139 is divided by 1655.
209
Calculate the remainder when 614934 is divided by 556.
554
Calculate the remainder when 807 is divided by 48.
39
What is the remainder when 32874 is divided by 63?
51
Calculate the remainder when 3463 is divided by 3444.
19
What is the remainder when 650 is divided by 286?
78
What is the remainder when 26081 is divided by 112?
97
What is the remainder when 129334 is divided by 24?
22
What is the remainder when 5929 is divided by 1482?
1
Calculate the remainder when 9779 is divided by 1